at is 7a60b6 (base 13) in base 3?
12110020022001
-36bb9 (base 16) to base 2
-110110101110111001
What is -2213032323 (base 4) in base 10?
-684987
Convert -5e937 (base 16) to base 2.
-1011110100100110111
2016142 (base 8) to base 16
81c62
What is 101200010201 (base 3) in base 5?
23210202
Convert -5968c4 (base 13) to base 7.
-24042455
Convert 874d7a (base 16) to base 3.
121200111111121
What is -110110011101111001100 (base 2) in base 4?
-12303233030
Convert -24611 (base 8) to base 9.
-15524
Convert -2580b (base 12) to base 15.
-102d5
What is 264782 (base 11) in base 2?
1100101100111010001
What is 1cfc4 (base 16) in base 6?
2313352
-24c40 (base 13) to base 12
-3341a
Convert -91c4 (base 15) to base 8.
-74100
Convert 3215515 (base 6) to base 10.
158087
Convert -202221202022221 (base 3) to base 4.
-222132223210
843156 (base 15) to base 3
102211110102100
What is -4001233 (base 5) in base 6?
-1202125
What is 184eec (base 15) in base 9?
2200326
Convert 11010000010010001 (base 2) to base 16.
1a091
What is -53554 (base 6) in base 15?
-2297
Convert 126c6 (base 16) to base 6.
1341210
-8048007 (base 9) to base 15
-599341
Convert -2414015 (base 8) to base 3.
-1020121102122
-16044a (base 11) to base 3
-110200011100
Convert 32455204 (base 6) to base 16.
ed454
-1aa5a2 (base 12) to base 10
-474314
43013332 (base 5) to base 2
1011000000000010011
What is -11101111011100110 (base 2) in base 6?
-2343330
What is -380645 (base 11) in base 6?
-20514400
Convert -986274 (base 13) to base 11.
-2028576
-7883 (base 9) to base 16
-16c2
Convert -1100110000111100000 (base 2) to base 15.
-83dec
-16384510 (base 10) to base 3
-1010211102022201
Convert 100011100011100001110 (base 2) to base 14.
224834
Convert -1015234 (base 6) to base 9.
-74344
Convert -1250653 (base 7) to base 11.
-101a08
Convert 130233312 (base 4) to base 5.
12232000
What is -33226424 (base 7) in base 15?
-3b8a0e
Convert -ab526c (base 13) to base 9.
-7534717
Convert 131103242 (base 5) to base 2.
10011101010001100101
Convert 26566 (base 9) to base 5.
1033321
Convert 41203 (base 5) to base 15.
bd8
Convert -314131 (base 5) to base 4.
-2210231
Convert -223243133 (base 6) to base 13.
-acb408
What is -66ae2 (base 15) in base 10?
-326462
22302111303 (base 4) to base 8
12622563
Convert 211222121201220 (base 3) to base 12.
41112b9
What is -71b23 (base 14) in base 5?
-32230333
What is 167b24 (base 12) in base 4?
1132132030
2adae (base 16) to base 8
526656
What is 3123332131 (base 4) in base 9?
1622864
-12100012130 (base 4) to base 2
-110010000000110011100
Convert 110001101110100100001011 (base 2) to base 14.
1a34919
Convert -ca31 (base 14) to base 10.
-34931
What is -39a763 (base 14) in base 15?
-294110
What is 10101110011111001110 (base 2) in base 4?
2232133032
What is 17886a (base 16) in base 10?
1542250
-330250 (base 7) to base 13
-2039b
Convert -17084684 (base 9) to base 7.
-132515263
-586149 (base 11) to base 8
-3431357
Convert 41133413 (base 8) to base 6.
510230415
What is -1503488 (base 11) in base 10?
-2581389
Convert 301000212 (base 6) to base 8.
23314620
Convert 111000010011001100 (base 2) to base 8.
702314
166cc7 (base 13) to base 11
351292
Convert 18a710b (base 13) to base 8.
36711022
What is -80569 (base 10) in base 5?
-10034234
What is -1413053 (base 8) in base 4?
-1201120223
-6765 (base 11) to base 10
-8904
Convert -363782 (base 9) to base 6.
-4411245
-442433442 (base 5) to base 15
-27e34c
What is 10001011101010000101 (base 2) in base 10?
572037
-106012631 (base 7) to base 15
-87d3b8
Convert -1010013122 (base 4) to base 14.
-7396a
Convert -925234 (base 11) to base 12.
-5b7923
Convert b2952 (base 12) to base 11.
149a97
1432033033 (base 5) to base 9
7106008
-1333140455 (base 6) to base 11
-9103303
-1086 (base 15) to base 11
-26a3
Convert -13544a6 (base 11) to base 10.
-2333843
-150420 (base 10) to base 12
-73070
What is -10101100100101001101 (base 2) in base 5?
-140110033
10d1b6 (base 14) to base 8
2140634
-5217567 (base 9) to base 10
-2787433
Convert -45233003 (base 8) to base 13.
-2044c10
What is 39691 (base 13) in base 6?
2141244
Convert -48814 (base 11) to base 3.
-10120021211
-37164717 (base 8) to base 12
-28a9553
What is 753343 (base 11) in base 3?
2021012220100
26385 (base 13) to base 10
70920
What is 7d7c38 (base 16) in base 15?
ac6a35
What is -1211112101022 (base 3) in base 10?
-974951
What is -164547 (base 9) in base 16?
-18d93
-11012011010001 (base 3) to base 13
-5cc974
What is -34350242 (base 7) in base 2?
-1011011101010110000011
Convert 15233 (base 16) to base 10.
86579
Convert -276d0 (base 16) to base 12.
-79554
What is -11202143 (base 5) in base 10?
-100298
What is 150215603 (base 7) in base 2?
100101110110000000011111
Convert 332322000 (base 4) to base 3.
111002110010
-74625 (base 11) to base 8
-324024
What is 30031124 (base 5) in base 4?
321231332
What is -10332323130 (base 4) in base 13?
-3697a1
What is -33e7b (base 16) in base 5?
-23300403
-32203120 (base 4) to base 16
-e8d8
What is 20120100201 (base 3) in base 13?
46b0a
Convert 53305046 (base 7) to base 8.
21201520
Convert 10210021211121 (base 3) to base 8.
7534303
What is -12201102022121 (base 3) in base 16?
-2e60c9
What is -11387 (base 11) in base 2?
-100000000101110
What is 1020210001022 (base 3) in base 13?
1a382b
63999 (base 15) to base 2
1001101001010001100
-11010101101111011010110 (base 2) to base 6
-410041142
Convert 221aa15 (base 11) to base 13.
a647a4
-1ac9c (base 14) to base 13
-25155
Convert 1a90c (base 16) to base 13.
3a6b2
11002201020 (base 3) to base 6
1421353
What is 1011100011110101 (base 2) in base 16?
b8f5
What is 324964 (base 11) in base 14?
d7178
Convert -f44f (base 16) to base 7.
-350225
What is -3313320220 (base 4) in base 10?
-1015336
Convert a4a38 (base 13) to base 8.
1102307
Convert -15231234 (base 6) to base 12.
-21851a
What is -230055 (base 6) in base 12?
-b32b
What is 184828 (base 10) in base 14?
4b500
Convert 1b7b9 (base 14) to base 7.
411322
43270d (base 14) to base 5
1040222132
What is -33223321 (base 4) in base 16?
-faf9
392409 (base 10) to base 9
657250
29a27 (base 16) to base 14
46211
Convert 21825728 (base 9) to base 2.
101000011000101111111011
-111111100101010 (base 2) to base 11
-22505
Convert 9b251 (base 14) to base 8.
1337107
What is 131132022 (base 4) in base 5?
12330324
Convert -889bc (base 14) to base 15.
-6820a
-131043144 (base 5) to base 12
-270511
What is -137076 (base 8) in base 16?
-be3e
Convert 116bb (base 16) to base 12.
35363
Convert -50224243 (base 7) to base 9.
-7736171
Convert 5dee0 (base 16) to base 8.
1357340
1250011 (base 7) to base 8
476714
Convert -202202110201101 (base 3) to base 7.
-162524353
Convert -3022310003 (base 4) to base 14.
-178a55
What is 51ba84 (base 15) in base 9?
7273857
Convert 22212210022001 (base 3) to base 11.
2734034
82315 (base 14) to base 12
131467
Convert 40a49c (base 16) to base 13.
b54394
What is -3544a (base 16) in base 4?
-311101022
Convert -3122 (base 4) to base 12.
-162
What is 4147777 (base 10) in base 4?
33310221001
What is 95622 (base 11) in base 14?
38a10
1511 (base 15) to base 7
16111
What is 15e09 (base 16) in base 14?
24929
What is 1010110 (base 5) in base 6?
203212
100010111100001001101100 (base 2) to base 7
140565300
What is 31a6a (base 16) in base 10?
203370
What is -2063387 (base 11) in base 5?
-1412313134
Convert 868b (base 14) to base 10.
23251
136421 (base 8) to base 7
261053
Convert -100110011111111 (base 2) to base 11.
-1389a
Convert 405586 (base 12) to base 14.
1c226a
-22322123100 (base 4) to base 10
-2860752
Convert -1b0ad (base 15) to base 9.
-143531
1110110011111101001 (base 2) to base 13
13cbbb
-12b49 (base 14) to base 7
-251322
What is 143322302 (base 5) in base 6?
24150532
2110211012000 (base 3) to base 8
5010663
-deb0ea (base 16) to base 5
-12214004112
What is -21122121100 (base 3) in base 16?
-24c57
-1112bc1 (base 13) to base 8
-23754661
100220001012 (base 3) to base 4
233201303
-22a731 (base 12) to base 15
-b0291
What is -836a3 (base 15) in base 4?
-1211231310
What is 1454155 (base 7) in base 4?
300123013
111323332 (base 4) to base 13
31b8b
What is -270755 (base 8) in base 10?
-94701
What is 31956 (base 11) in base 7?
252201
213203020 (base 4) to base 12
798b4
Convert 4766363 (base 8) to base 5.
313241333
What is -22466640 (b